ommon divisor of 3 and 33.
3
What is the highest common divisor of 162 and 144?
18
What is the highest common divisor of 2769 and 213?
213
What is the greatest common factor of 390 and 330?
30
Calculate the greatest common divisor of 742 and 98.
14
Calculate the greatest common divisor of 66 and 126.
6
Calculate the highest common factor of 138 and 1288.
46
Calculate the greatest common factor of 12 and 66.
6
What is the greatest common factor of 25 and 18500?
25
What is the highest common divisor of 160 and 128?
32
Calculate the greatest common divisor of 77 and 1463.
77
What is the greatest common divisor of 1062 and 72?
18
Calculate the highest common factor of 44 and 1243.
11
Calculate the highest common divisor of 638 and 22.
22
Calculate the greatest common factor of 54 and 502.
2
What is the highest common divisor of 20 and 10?
10
What is the highest common factor of 2070 and 1610?
230
What is the greatest common factor of 36 and 7884?
36
What is the highest common divisor of 20640 and 90?
30
Calculate the greatest common factor of 10136 and 8.
8
What is the greatest common factor of 21 and 80?
1
Calculate the highest common factor of 318 and 6.
6
Calculate the greatest common divisor of 726 and 6.
6
Calculate the highest common factor of 216 and 24.
24
What is the highest common divisor of 4548 and 12?
12
What is the highest common factor of 18 and 927?
9
Calculate the greatest common divisor of 32702 and 166.
166
What is the highest common factor of 2537 and 354?
59
Calculate the greatest common factor of 18 and 3042.
18
What is the greatest common factor of 13950 and 30?
30
What is the highest common divisor of 9 and 96?
3
Calculate the highest common divisor of 3 and 21.
3
What is the greatest common factor of 157 and 2826?
157
Calculate the greatest common factor of 182 and 130.
26
What is the highest common divisor of 57 and 8531?
19
Calculate the highest common divisor of 315 and 8370.
45
Calculate the greatest common divisor of 24 and 5292.
12
What is the highest common divisor of 35488 and 32?
32
What is the greatest common factor of 68 and 16?
4
What is the highest common factor of 3805 and 5?
5
Calculate the highest common factor of 12 and 148.
4
What is the highest common factor of 66 and 1518?
66
Calculate the greatest common divisor of 494 and 19.
19
Calculate the highest common factor of 24 and 12.
12
Calculate the highest common divisor of 945 and 140.
35
What is the greatest common factor of 114 and 5358?
114
Calculate the highest common divisor of 300 and 95100.
300
What is the highest common factor of 99 and 66?
33
What is the highest common divisor of 1764 and 336?
84
Calculate the greatest common divisor of 1763 and 43.
43
What is the highest common divisor of 186 and 496?
62
Calculate the greatest common factor of 10 and 95.
5
What is the greatest common factor of 15222 and 129?
129
What is the highest common factor of 208 and 3471?
13
Calculate the highest common divisor of 15436 and 68.
68
Calculate the highest common factor of 7501 and 13.
13
Calculate the greatest common factor of 1672 and 22.
22
What is the greatest common divisor of 55 and 33?
11
What is the greatest common divisor of 1449 and 1071?
63
What is the greatest common divisor of 14 and 63?
7
Calculate the greatest common factor of 104 and 741.
13
What is the highest common factor of 246 and 36?
6
What is the greatest common divisor of 45 and 735?
15
What is the highest common factor of 97 and 5917?
97
What is the greatest common divisor of 2044 and 140?
28
What is the greatest common divisor of 189 and 126?
63
What is the greatest common divisor of 7 and 588?
7
What is the greatest common factor of 65 and 130?
65
Calculate the highest common divisor of 12 and 318.
6
Calculate the highest common divisor of 72 and 528.
24
Calculate the highest common divisor of 222 and 1591.
37
What is the greatest common divisor of 179 and 1432?
179
Calculate the highest common divisor of 117 and 195.
39
What is the highest common factor of 2036 and 24?
4
Calculate the highest common factor of 21 and 219.
3
What is the highest common divisor of 255 and 17?
17
Calculate the greatest common divisor of 2 and 194.
2
What is the greatest common factor of 28 and 82?
2
Calculate the greatest common factor of 3220 and 105.
35
Calculate the greatest common factor of 1548 and 144.
36
Calculate the highest common divisor of 266 and 190.
38
Calculate the highest common divisor of 75 and 195.
15
What is the highest common divisor of 3625 and 29?
29
Calculate the greatest common divisor of 60 and 320.
20
What is the greatest common divisor of 20 and 10190?
10
What is the highest common divisor of 29 and 1363?
29
What is the highest common factor of 2783 and 22?
11
What is the greatest common factor of 33 and 8877?
33
Calculate the greatest common divisor of 56 and 84.
28
Calculate the highest common factor of 703 and 57.
19
What is the highest common divisor of 165 and 285?
15
What is the greatest common divisor of 27 and 288?
9
Calculate the highest common factor of 2200 and 176.
88
What is the highest common factor of 4560 and 684?
228
Calculate the greatest common factor of 8569 and 19.
19
Calculate the highest common divisor of 68 and 187.
17
What is the greatest common divisor of 285 and 15?
15
What is the highest common divisor of 255 and 15?
15
Calculate the highest common divisor of 80 and 32.
16
Calculate the greatest common divisor of 13 and 1157.
13
Calculate the highest common divisor of 70 and 30.
10
Calculate the greatest common divisor of 280 and 1064.
56
What is the highest common divisor of 326 and 2?
2
What is the highest common divisor of 4100 and 50?
50
Calculate the highest common divisor of 427 and 7.
7
What is the highest common factor of 693 and 819?
63
What is the greatest common divisor of 175 and 50?
25
Calculate the highest common divisor of 638 and 66.
22
Calculate the highest common factor of 154 and 1036.
14
What is the greatest common factor of 1343 and 1106?
79
Calculate the greatest common divisor of 67 and 7571.
67
Calculate the greatest common divisor of 20 and 50.
10
Calculate the greatest common divisor of 5931 and 9.
9
What is the greatest common divisor of 928 and 1184?
32
What is the greatest common divisor of 1533 and 21?
21
Calculate the greatest common divisor of 310 and 62.
62
Calculate the highest common divisor of 14 and 8582.
14
What is the highest common divisor of 1 and 1?
1
Calculate the highest common factor of 88002 and 18.
18
What is the greatest common divisor of 9 and 729?
9
Calculate the greatest common factor of 126 and 42.
42
Calculate the greatest common factor of 75 and 8115.
15
What is the highest common factor of 14 and 119?
7
Calculate the highest common factor of 15 and 25.
5
Calculate the highest common factor of 5 and 797.
1
What is the greatest common divisor of 1900 and 5?
5
Calculate the highest common divisor of 1 and 2276.
1
Calculate the greatest common factor of 1739 and 94.
47
What is the highest common factor of 51 and 1020?
51
Calculate the highest common divisor of 1112 and 40.
8
Calculate the greatest common divisor of 16 and 1264.
16
Calculate the highest common factor of 135 and 255.
15
What is the highest common divisor of 14 and 12537?
7
What is the greatest common divisor of 116 and 203?
29
Calculate the greatest common divisor of 8 and 12.
4
Calculate the highest common factor of 21 and 217.
7
What is the highest common factor of 986 and 116?
58
What is the greatest common factor of 158 and 38?
2
What is the highest common divisor of 12 and 7644?
12
What is the greatest common factor of 3991 and 13?
13
What is the highest common factor of 346 and 4?
2
What is the highest common divisor of 113 and 8362?
113
What is the greatest common factor of 20 and 1780?
20
Calculate the highest common divisor of 72 and 4296.
24
Calculate the greatest common factor of 12 and 237.
3
Calculate the greatest common factor of 1104 and 897.
69
Calculate the highest common divisor of 385 and 189.
7
What is the highest common factor of 56 and 9436?
28
What is the greatest common factor of 100 and 4?
4
What is the highest common divisor of 51 and 6?
3
Calculate the highest common divisor of 69 and 59.
1
Calculate 